e
Is 28257 a multiple of 36?
False
Is 75 a factor of 256275?
True
Is 98154 a multiple of 60?
False
Is 3035932 a multiple of 293?
False
Is 992281 a multiple of 176?
False
Does 60 divide 5103660?
True
Does 16 divide 3968?
True
Does 162 divide 1928124?
True
Does 13 divide 1049824?
False
Is 3 a factor of 1933413?
True
Is 15329699 a multiple of 559?
False
Is 993083 a multiple of 91?
True
Is 65 a factor of 9247425?
False
Is 165385 a multiple of 55?
True
Is 4 a factor of 469527?
False
Is 4533772 a multiple of 34?
False
Does 14 divide 58268?
True
Does 263 divide 123347?
True
Is 28765 a multiple of 4?
False
Does 8 divide 2487?
False
Is 13218814 a multiple of 103?
True
Is 277 a factor of 227694?
True
Is 1228 a factor of 7512904?
True
Does 405 divide 285120?
True
Is 5764971 a multiple of 1468?
False
Does 882 divide 8144388?
True
Does 30 divide 306760?
False
Does 6 divide 10867?
False
Is 504 a factor of 4684936?
False
Does 614 divide 626651?
False
Is 43 a factor of 673079?
True
Does 38 divide 656714?
False
Is 2102879 even?
False
Does 25 divide 58375?
True
Does 11 divide 3235763?
False
Does 2 divide 9210?
True
Does 8 divide 26696?
True
Is 3 a factor of 297458?
False
Does 9 divide 1206971?
False
Is 531054 a multiple of 41?
False
Does 2236 divide 8376056?
True
Is 18 a factor of 363636?
True
Does 37 divide 50357?
True
Is 163455 a multiple of 51?
True
Is 222 a factor of 184065?
False
Is 528948 a multiple of 36?
True
Is 320 a factor of 159095?
False
Is 404512 a multiple of 319?
False
Is 23055 a multiple of 24?
False
Is 70 a factor of 1502856?
False
Is 1303864 a multiple of 10?
False
Is 46 a factor of 14180575?
False
Is 9492 a multiple of 42?
True
Is 10211911 a multiple of 41?
True
Is 24 a factor of 784826?
False
Is 52162 a multiple of 22?
True
Does 89 divide 738009?
False
Is 81 a factor of 145476?
True
Does 312 divide 3426072?
True
Is 101430 a multiple of 10?
True
Does 5 divide 2439946?
False
Is 275 a factor of 161073?
False
Does 25 divide 7303158?
False
Does 4 divide 72885?
False
Is 397 a factor of 1206791?
False
Does 186 divide 2002458?
False
Is 4 a factor of 639967?
False
Is 121 a factor of 233749?
False
Is 308160 a multiple of 24?
True
Does 6 divide 5657?
False
Is 61280 a multiple of 20?
True
Is 235060 a multiple of 35?
True
Is 98 a factor of 130634?
True
Is 2957807 a multiple of 15?
False
Does 172 divide 18232?
True
Does 22 divide 1129755?
False
Is 432578 a multiple of 8?
False
Is 57 a factor of 48683?
False
Is 550 a factor of 44740?
False
Is 562740 a multiple of 37?
False
Is 335385 a multiple of 29?
True
Does 4 divide 299472?
True
Is 25 a factor of 309200?
True
Is 88135 a multiple of 2?
False
Is 14324535 a multiple of 27?
False
Is 1006148 a multiple of 81?
False
Is 325 a factor of 360100?
True
Is 19 a factor of 155546?
False
Is 29 a factor of 296467?
True
Is 655 a factor of 1646299?
False
Does 327 divide 375891?
False
Is 117329 a multiple of 271?
False
Does 1233 divide 2262494?
False
Is 156384 a multiple of 9?
True
Is 2 a factor of 13828?
True
Is 2857221 a multiple of 207?
True
Does 56 divide 762889?
False
Is 6 a factor of 282042?
True
Is 6 a factor of 50544?
True
Does 43 divide 396788?
False
Is 587452 a multiple of 106?
True
Is 5 a factor of 258722?
False
Is 1265228 a multiple of 9?
False
Is 881424 a multiple of 12?
True
Is 7 a factor of 1991?
False
Is 180 a factor of 169020?
True
Is 2824941 a multiple of 12?
False
Is 4 a factor of 71327?
False
Does 22 divide 7148548?
True
Does 91 divide 565929?
True
Does 120 divide 1104120?
True
Is 6 a factor of 309461?
False
Does 58 divide 303224?
True
Is 4989660 a multiple of 60?
True
Is 5 a factor of 163670?
True
Is 12 a factor of 465120?
True
Does 9 divide 151308?
True
Does 50 divide 532712?
False
Is 1593373 a multiple of 595?
False
Does 8 divide 26504?
True
Is 3 a factor of 48114?
True
Is 416988 a multiple of 143?
True
Is 11893200 a multiple of 935?
True
Is 198 a factor of 2220570?
True
Is 384625 a multiple of 4?
False
Is 16 a factor of 74653?
False
Is 158764 a multiple of 5?
False
Is 14 a factor of 273238?
True
Does 119 divide 8601361?
False
Is 5732172 a multiple of 315?
False
Is 17178457 a multiple of 43?
True
Does 97 divide 1495265?
False
Is 1110120 a multiple of 347?
False
Is 194159 a multiple of 122?
False
Is 824274 a multiple of 759?
True
Is 215 a factor of 1978021?
False
Is 7995211 a multiple of 421?
True
Does 223 divide 2453461?
False
Is 61462 a multiple of 5?
False
Is 282 a factor of 27849036?
False
Is 1770916 a multiple of 3?
False
Is 46 a factor of 243538?
False
Does 17 divide 6284798?
True
Is 36 a factor of 2484036?
True
Is 2787920 a multiple of 16?
True
Does 109 divide 202740?
True
Is 8 a factor of 8209744?
True
Is 19517056 a multiple of 407?
False
Is 1138410 a multiple of 14?
True
Is 50 a factor of 755350?
True
Does 187 divide 1033549?
True
Is 6915714 a multiple of 12?
False
Is 171848 a multiple of 15?
False
Is 265777 a multiple of 123?
False
Is 140 a factor of 1506016?
False
Is 4417673 a multiple of 1131?
False
Is 12 a factor of 132396?
True
Is 14728435 a multiple of 83?
False
Is 659910 a multiple of 30?
True
Is 13 a factor of 515372?
True
Does 360 divide 686342?
False
Does 255 divide 3920625?
True
Does 1171 divide 21322050?
False
Is 50 a factor of 7537850?
True
Is 32505 a multiple of 6?
False
Is 823746 a multiple of 6?
True
Is 12281 a multiple of 4?
False
Is 24502 a multiple of 27?
False
Is 396758 a multiple of 13?
False
Is 11 a factor of 1525920?
True
Is 1015870 a multiple of 113?
True
Is 26506 a multiple of 6?
False
Is 1267 a factor of 3066734?
False
Is 87 a factor of 283660?
False
Does 269 divide 1194898?
True
Is 168 a factor of 1657974?
False
Is 131 a factor of 604333?
False
Is 14 a factor of 437169?
False
Does 111 divide 139749?
True
Is 287256 a multiple of 24?
True
Is 350073 a multiple of 81?
False
Is 495 a factor of 896425?
False
Is 594 a factor of 295636?
False
Is 9559220 a multiple of 89?
False
Does 39 divide 25537?
False
Is 433 a factor of 817817?
False
Is 249280 a multiple of 95?
True
Is 80 a factor of 378005?
False
Is 12 a factor of 386412?
True
Is 279312 a multiple of 16?
True
Is 7 a factor of 336819?
True
Is 90870 a multiple of 13?
True
Is 46 a factor of 1851548?
False
Does 618 divide 574740?
True
Does 16 divide 123552?
True
Is 53 a factor of 432162?
True
Is 17 a factor of 5850631?
False
Is 195039 a multiple of 39?
True
Is 16584324 a multiple of 727?
True
Is 83288 a multiple of 43?
False
Is 21 a factor of 871?
False
Is 1114 a factor of 1986262?
True
Does 20 divide 54644?
False
Does 1029 divide 6755385?
True
Is 7742910 a multiple of 30?
True
Does 5 divide 312669?
False
Does 76 divide 1078212?
True
Is 9 a factor of 100634?
False
Does 15 divide 1997865?
True
Is 55 a factor of 1157208?
False
Is 23 a factor of 2556220?
True
Is 8 a factor of 25853?
False
Is 93755 a multiple of 20?
False
Is 587 a factor of 4127784?
True
Is 51 a factor of 483378?
True
Is 265496 a multiple of 77?
True
Is 33055 a multiple of 40?
False
Is 432235 a multiple of 73?
False
Is 8 a factor of 143088?
True
Is 7 a factor of 12215?
True
Does 19 divide 3292054?
True
Is 106074 a multiple of 5?
False
Does 51 divide 5725617?
True
Does 562 divide 1109834?
False
Is 22 a factor of 26180?
True
Is 21 a factor of 25416?
False
Is 142 a factor of 1732629?
False
Is 20 a factor of 2715400?
True
Is 9 a factor of 2570440?
False
Does 3 divide 780031?
False
Does 3 divide 14129?
False
Is 18 a factor of 1466640?
True
Is 1671370 a multiple of 223?
False
Is 263 a factor of 440217?
False
Is 42 a factor of 2530920?
True
Is 14 a factor of 36054?
False
Does 41 divide 187411?
True
Is 20 a factor of 15035754?
False
Is 1045814 a multiple of 77?
True
Is 51 a factor of 91392?
True
Is 241680 a multiple of 265?
True
Does 39 divide 860563?
False
Is 1488790 a multiple of 46?
True
Is 1580 a factor of 11218000?
True
Does 47 divide 58588?
False
Is 61575 a multiple of 25?
True
Does 81 divide 243222?
False
Is 50 a factor of 6290555?
False
Does 4 divide 77308?
True
Is 3656931 a multiple of 11?
False
Is 2046933 a multiple of 5?
False
Does 2 divide 141346?
True
Is 18313108 a multiple of 242?
True
Is 1973993 a multiple of 17?
False
Is 23884136 a multiple of 499?
True
Is 5721660 a multiple of 665?
True
Is 20102 a multiple of 46?
True
Is 24090207 a multiple of 51